{"id":1687,"date":"2024-12-12T06:29:02","date_gmt":"2024-12-12T06:29:02","guid":{"rendered":"https:\/\/mj-clothing.com\/?post_type=product&#038;p=1687"},"modified":"2024-12-13T03:09:53","modified_gmt":"2024-12-13T03:09:53","slug":"mens-linnen-ecru-shirt","status":"publish","type":"product","link":"https:\/\/mj-clothing.com\/hu\/manufacturer\/mens-linnen-ecru-shirt\/","title":{"rendered":"F\u00e9rfi Linnen Ecru ing"},"content":{"rendered":"<h2><strong>F\u00e9rfi Linnen Ecru ing<\/strong><\/h2>\n<p><span class=\"citation-0 recitation citation-end-0\">A f\u00e9rfi Linnen Ecru ing egy st\u00edlusos \u00e9s sokoldal\u00fa ruhadarab, amely t\u00f6k\u00e9letes a meleg id\u0151j\u00e1r\u00e1shoz.<\/span> \u00cdme, mi\u00e9rt:<\/p>\n<h3 data-sourcepos=\"3:1-3:14\"><strong>\u00a0 \u00a0 \u00a0 Mi\u00e9rt v\u00e1szon?<\/strong><\/h3>\n<ul data-sourcepos=\"5:1-9:0\">\n<li data-sourcepos=\"5:1-5:157\"><strong>L\u00e9legz\u0151k\u00e9pess\u00e9g:<\/strong> <span class=\"citation-1 recitation citation-end-1\">A lenv\u00e1szon term\u00e9szetes sz\u00e1l, amely kiv\u00e1l\u00f3an elnyeli a nedvess\u00e9get, \u00e9s lehet\u0151v\u00e9 teszi a leveg\u0151 kering\u00e9s\u00e9t, \u00edgy h\u0171v\u00f6s \u00e9s k\u00e9nyelmes marad.<\/span><\/li>\n<li data-sourcepos=\"5:1-5:157\"><strong style=\"font-size: 14.4px;\"><span class=\"citation-2 recitation\">Tart\u00f3ss\u00e1g:<\/span><\/strong><span class=\"citation-2 recitation citation-end-2\" style=\"font-size: 14.4px;\"> Finom megjelen\u00e9se ellen\u00e9re a v\u00e1szon meglep\u0151en tart\u00f3s \u00e9s hossz\u00fa \u00e9lettartam\u00fa.<\/span><\/li>\n<li data-sourcepos=\"5:1-5:157\"><strong><span class=\"citation-3 recitation\">Puha:<\/span><\/strong><span class=\"citation-3 recitation citation-end-3\"> A v\u00e1szon minden mos\u00e1ssal puh\u00e1bb\u00e1 v\u00e1lik, \u00edgy id\u0151vel egyre k\u00e9nyelmesebb\u00e9 v\u00e1lik.<\/span><\/li>\n<li data-sourcepos=\"5:1-5:157\"><strong style=\"font-size: 14.4px;\">Gy\u0171r\u0151d\u00e9s\u00e1ll\u00f3:<\/strong><span style=\"font-size: 14.4px;\"> B\u00e1r a lenv\u00e1szon term\u00e9szetes gy\u0171r\u0151d\u00e9s\u00e9r\u0151l ismert, ez m\u00e9g ink\u00e1bb hozz\u00e1tesz a lezser \u00e9s laza b\u00e1j\u00e1hoz.<\/span><br \/>\n<h3 data-sourcepos=\"10:1-10:13\"><strong>Mi\u00e9rt Ecru?<\/strong><\/h3>\n<\/li>\n<li data-sourcepos=\"5:1-5:157\"><strong>Sokoldal\u00fas\u00e1g:<\/strong> <span class=\"citation-4 recitation citation-end-4\">Az ekr\u00fc, egy vil\u00e1gos b\u00e9zs vagy t\u00f6rtfeh\u00e9r sz\u00edn, hihetetlen\u00fcl sokoldal\u00fa.<\/span>Sokf\u00e9le sz\u00ednnel j\u00f3l p\u00e1ros\u00edthat\u00f3, a s\u00f6t\u00e9t farmert\u0151l a vil\u00e1gos chin\u00f3ig.<\/li>\n<li data-sourcepos=\"13:1-13:96\"><strong>Id\u0151tlen:<\/strong> Az ekr\u00fc semleges t\u00f3nusa miatt id\u0151t\u00e1ll\u00f3 darab, amely sosem megy ki a divatb\u00f3l.<\/li>\n<li data-sourcepos=\"14:1-15:0\"><strong>K\u00f6nnyen st\u00edlusos:<\/strong> <span class=\"citation-5 recitation citation-end-5\"><span class=\"citation-5 recitation citation-end-5\"><span class=\"citation-5 recitation citation-end-5\">Fel vagy le lehet \u00f6lt\u00f6ztetni, \u00edgy k\u00fcl\u00f6nb\u00f6z\u0151 alkalmakra t\u00f6k\u00e9letes.<\/span><\/span><\/span><br \/>\n<h3 data-sourcepos=\"16:1-16:36\"><strong>Hogyan kell st\u00edlusosan viselni egy Linnen Ecru f\u00e9rfi inget?<\/strong><\/h3>\n<\/li>\n<li data-sourcepos=\"14:1-15:0\"><strong>Alkalmi:<\/strong> P\u00e1ros\u00edtsd farmerrel, chin\u00f3val vagy r\u00f6vidnadr\u00e1ggal \u00e9s tornacip\u0151vel a laza, h\u00e9tk\u00f6znapi megjelen\u00e9shez.<\/li>\n<li data-sourcepos=\"14:1-15:0\"><strong>Smart Casual:<\/strong> Kombin\u00e1ld szabott nadr\u00e1ggal \u00e9s papucsokkal egy kifinomult, m\u00e9gis laza \u00f6ssze\u00e1ll\u00edt\u00e1shoz.<\/li>\n<li data-sourcepos=\"14:1-15:0\"><strong>Tr\u00f3pusi:<\/strong> Viselje kontrasztos sz\u00edn\u0171 v\u00e1szonnadr\u00e1ggal vagy r\u00f6vidnadr\u00e1ggal egy szell\u0151s, ny\u00e1rias \u00f6lt\u00f6z\u00e9khez.<\/li>\n<\/ul>","protected":false},"excerpt":{"rendered":"<p>Anyag: poli\u00e9szter\/pamut\/v\u00e1szon<\/p>\n<p>Technika: H\u00edmzett<\/p>\n<p>St\u00edlus: .<\/p>\n<p>Sz\u00edn: Fekete \u00e9s egyedi sz\u00ednek<\/p>\n<p>M\u00e9ret: M\u00c9RET: S \/M \/L \/XL \/2XL<\/p>","protected":false},"featured_media":1750,"template":"","meta":[],"product_brand":[],"product_cat":[38],"product_tag":[],"class_list":{"0":"post-1687","1":"product","2":"type-product","3":"status-publish","4":"has-post-thumbnail","6":"product_cat-mens-clothing","8":"first","9":"instock","10":"shipping-taxable","11":"product-type-simple"},"_links":{"self":[{"href":"https:\/\/mj-clothing.com\/hu\/wp-json\/wp\/v2\/product\/1687","targetHints":{"allow":["GET"]}}],"collection":[{"href":"https:\/\/mj-clothing.com\/hu\/wp-json\/wp\/v2\/product"}],"about":[{"href":"https:\/\/mj-clothing.com\/hu\/wp-json\/wp\/v2\/types\/product"}],"wp:featuredmedia":[{"embeddable":true,"href":"https:\/\/mj-clothing.com\/hu\/wp-json\/wp\/v2\/media\/1750"}],"wp:attachment":[{"href":"https:\/\/mj-clothing.com\/hu\/wp-json\/wp\/v2\/media?parent=1687"}],"wp:term":[{"taxonomy":"product_brand","embeddable":true,"href":"https:\/\/mj-clothing.com\/hu\/wp-json\/wp\/v2\/product_brand?post=1687"},{"taxonomy":"product_cat","embeddable":true,"href":"https:\/\/mj-clothing.com\/hu\/wp-json\/wp\/v2\/product_cat?post=1687"},{"taxonomy":"product_tag","embeddable":true,"href":"https:\/\/mj-clothing.com\/hu\/wp-json\/wp\/v2\/product_tag?post=1687"}],"curies":[{"name":"wp","href":"https:\/\/api.w.org\/{rel}","templated":true}]}}

Férfi Linnen Ecru ing

<h2><strong>Férfi Linnen Ecru ing</strong></h2>
<p><span class="citation-0 recitation citation-end-0">A férfi Linnen Ecru ing egy stílusos és sokoldalú ruhadarab, amely tökéletes a meleg időjáráshoz.</span> Íme, miért:</p>
<h3 data-sourcepos="3:1-3:14"><strong>      Miért vászon?</strong></h3>
<ul data-sourcepos="5:1-9:0">
<li data-sourcepos="5:1-5:157"><strong>Lélegzőképesség:</strong> <span class="citation-1 recitation citation-end-1">A lenvászon természetes szál, amely kiválóan elnyeli a nedvességet, és lehetővé teszi a levegő keringését, így hűvös és kényelmes marad.</span></li>
<li data-sourcepos="5:1-5:157"><strong style="font-size: 14.4px;"><span class="citation-2 recitation">Tartósság:</span></strong><span class="citation-2 recitation citation-end-2" style="font-size: 14.4px;"> Finom megjelenése ellenére a vászon meglepően tartós és hosszú élettartamú.</span></li>
<li data-sourcepos="5:1-5:157"><strong><span class="citation-3 recitation">Puha:</span></strong><span class="citation-3 recitation citation-end-3"> A vászon minden mosással puhábbá válik, így idővel egyre kényelmesebbé válik.</span></li>
<li data-sourcepos="5:1-5:157"><strong style="font-size: 14.4px;">Gyűrődésálló:</strong><span style="font-size: 14.4px;"> Bár a lenvászon természetes gyűrődéséről ismert, ez még inkább hozzátesz a lezser és laza bájához.</span><br />
<h3 data-sourcepos="10:1-10:13"><strong>Miért Ecru?</strong></h3>
</li>
<li data-sourcepos="5:1-5:157"><strong>Sokoldalúság:</strong> <span class="citation-4 recitation citation-end-4">Az ekrü, egy világos bézs vagy törtfehér szín, hihetetlenül sokoldalú.</span>Sokféle színnel jól párosítható, a sötét farmertől a világos chinóig.</li>
<li data-sourcepos="13:1-13:96"><strong>Időtlen:</strong> Az ekrü semleges tónusa miatt időtálló darab, amely sosem megy ki a divatból.</li>
<li data-sourcepos="14:1-15:0"><strong>Könnyen stílusos:</strong> <span class="citation-5 recitation citation-end-5"><span class="citation-5 recitation citation-end-5"><span class="citation-5 recitation citation-end-5">Fel vagy le lehet öltöztetni, így különböző alkalmakra tökéletes.</span></span></span><br />
<h3 data-sourcepos="16:1-16:36"><strong>Hogyan kell stílusosan viselni egy Linnen Ecru férfi inget?</strong></h3>
</li>
<li data-sourcepos="14:1-15:0"><strong>Alkalmi:</strong> Párosítsd farmerrel, chinóval vagy rövidnadrággal és tornacipővel a laza, hétköznapi megjelenéshez.</li>
<li data-sourcepos="14:1-15:0"><strong>Smart Casual:</strong> Kombináld szabott nadrággal és papucsokkal egy kifinomult, mégis laza összeállításhoz.</li>
<li data-sourcepos="14:1-15:0"><strong>Trópusi:</strong> Viselje kontrasztos színű vászonnadrággal vagy rövidnadrággal egy szellős, nyárias öltözékhez.</li>
</ul>

<p>Anyag: poliészter/pamut/vászon</p>
<p>Technika: Hímzett</p>
<p>Stílus: .</p>
<p>Szín: Fekete és egyedi színek</p>
<p>Méret: MÉRET: S /M /L /XL /2XL</p>
