{"id":1759,"date":"2024-12-14T02:59:47","date_gmt":"2024-12-14T02:59:47","guid":{"rendered":"https:\/\/mj-clothing.com\/?post_type=product&#038;p=1759"},"modified":"2024-12-17T07:16:49","modified_gmt":"2024-12-17T07:16:49","slug":"black-denim-jacket","status":"publish","type":"product","link":"https:\/\/mj-clothing.com\/hu\/manufacturer\/black-denim-jacket\/","title":{"rendered":"Fekete farmerdzseki"},"content":{"rendered":"<h2 data-sourcepos=\"1:1-1:173\">Fekete farmerdzseki<\/h2>\n<p data-sourcepos=\"1:1-1:173\">A fekete farmerdzseki sokoldal\u00fa darab, amely b\u00e1rmilyen ruh\u00e1t feldobhat. Ez egy klasszikus, id\u0151tlen darab, amely fel- \u00e9s le\u00f6lt\u00f6ztethet\u0151, \u00edgy minden ruhat\u00e1rban k\u00f6telez\u0151 darab.<\/p>\n<p data-sourcepos=\"3:1-3:54\"><strong>\u00cdme, mi\u00e9rt remek v\u00e1laszt\u00e1s egy fekete farmerdzseki:<\/strong><\/p>\n<ul data-sourcepos=\"5:1-9:0\">\n<li data-sourcepos=\"5:1-5:94\"><strong>Sokoldal\u00fas\u00e1g:<\/strong> P\u00e1ros\u00edthat\u00f3 farmerrel, chin\u00f3val, vagy ak\u00e1r \u00f6lt\u00f6nyh\u00f6z is, ha form\u00e1lisabb megjelen\u00e9st szeretne.<\/li>\n<li data-sourcepos=\"6:1-6:70\"><strong>Id\u0151tlen:<\/strong> A fekete farmer klasszikus, amely sosem megy ki a divatb\u00f3l.<\/li>\n<li data-sourcepos=\"7:1-7:76\"><strong>Tart\u00f3ss\u00e1g:<\/strong> A farmer egy strapab\u00edr\u00f3 anyag, amely ellen\u00e1ll a kop\u00e1snak.<\/li>\n<li data-sourcepos=\"8:1-9:0\"><strong>Edgy:<\/strong> A fekete farmer egy kis \u00e9less\u00e9get k\u00f6lcs\u00f6n\u00f6z b\u00e1rmelyik \u00f6lt\u00f6z\u00e9knek.<\/li>\n<\/ul>\n<p data-sourcepos=\"10:1-10:38\"><strong>Hogyan kell a fekete farmerdzsekit st\u00edlusosan viselni:<\/strong><\/p>\n<ul data-sourcepos=\"12:1-16:0\">\n<li data-sourcepos=\"12:1-12:84\"><strong>Alkalmi megjelen\u00e9s:<\/strong> P\u00e1ros\u00edtsd farmerrel, p\u00f3l\u00f3val \u00e9s tornacip\u0151vel a laza megjelen\u00e9shez.<\/li>\n<li data-sourcepos=\"13:1-13:99\"><strong>Smart Casual:<\/strong> Viselje chin\u00f3val, gombos inggel \u00e9s papuccsal, ha eleg\u00e1nsabb megjelen\u00e9st szeretne el\u00e9rni.<\/li>\n<li data-sourcepos=\"14:1-14:95\"><strong>Edgy Look:<\/strong> P\u00e1ros\u00edtsd b\u0151rnadr\u00e1ggal, grafikus p\u00f3l\u00f3val \u00e9s csizm\u00e1val a rock and roll hangulat\u00e9rt.<\/li>\n<li data-sourcepos=\"15:1-16:0\"><strong>Hivatalos megjelen\u00e9s:<\/strong> R\u00e9tegezze \u00f6lt\u00f6nyzak\u00f3 f\u00f6l\u00e9, hogy a form\u00e1lis viseletet egyediv\u00e9 var\u00e1zsolja.<\/li>\n<\/ul>\n<p data-sourcepos=\"17:1-17:43\"><strong>Tippek a fekete farmerdzseki kiv\u00e1laszt\u00e1s\u00e1hoz:<\/strong><\/p>\n<ul data-sourcepos=\"19:1-22:0\">\n<li data-sourcepos=\"19:1-19:71\"><strong>Illeszked\u00e9s:<\/strong> V\u00e1lasszon olyan kab\u00e1tot, amely j\u00f3l illeszkedik \u00e9s h\u00edzeleg a testalkat\u00e1nak.<\/li>\n<li data-sourcepos=\"20:1-20:78\"><strong>Anyag:<\/strong> Keressen kiv\u00e1l\u00f3 min\u0151s\u00e9g\u0171 farmeranyagot, amely tart\u00f3s \u00e9s k\u00e9nyelmes.<\/li>\n<li data-sourcepos=\"21:1-22:0\"><strong>St\u00edlus:<\/strong> Vegye figyelembe szem\u00e9lyes st\u00edlus\u00e1t, \u00e9s v\u00e1lasszon olyan kab\u00e1tot, amely t\u00fckr\u00f6zi \u00edzl\u00e9s\u00e9t.<\/li>\n<\/ul>","protected":false},"excerpt":{"rendered":"<table style=\"height: 491px;\" width=\"498\">\n<tbody>\n<tr>\n<td width=\"146\"><strong><b>Term\u00e9k<\/b><\/strong>\u00a0<strong><b>N\u00e9v:<\/b><\/strong><\/td>\n<td width=\"601\"><strong>Fekete farmerdzseki<\/strong><\/td>\n<\/tr>\n<tr>\n<td width=\"146\"><strong><b>Materlal:<\/b><\/strong><\/td>\n<td width=\"601\">Poli\u00e9szter\/pamut<\/td>\n<\/tr>\n<tr>\n<td width=\"146\"><strong><b>Technika:<\/b><\/strong><\/td>\n<td width=\"601\">Nyomtat\u00e1s \u00e9s fest\u00e9s<\/td>\n<\/tr>\n<tr>\n<td width=\"146\"><strong><b>St\u00edlus:<\/b><\/strong><\/td>\n<td width=\"601\">Alkalmi<\/td>\n<\/tr>\n<tr>\n<td width=\"146\"><strong><b>Sz\u00ednes<\/b><\/strong><strong><b>:<\/b><\/strong><\/td>\n<td width=\"601\">\u00a0Egyedi sz\u00ednek<\/td>\n<\/tr>\n<tr>\n<td width=\"146\"><strong><b>M\u00e9ret:<\/b><\/strong><\/td>\n<td width=\"601\">S \/M \/L \/XL \/2XL<\/td>\n<\/tr>\n<tr>\n<td width=\"146\"><strong><b>OEM\/ODM:<\/b><\/strong><\/td>\n<td width=\"601\">Elfogadhat\u00f3<\/td>\n<\/tr>\n<tr>\n<td width=\"146\"><strong><b>Min\u0151s\u00e9g:<\/b><\/strong><\/td>\n<td width=\"601\">100% Kiv\u00e1l\u00f3 min\u0151s\u00e9g<\/td>\n<\/tr>\n<tr>\n<td width=\"146\"><strong><b>M<\/b><\/strong><strong><b>OQ:<\/b><\/strong><\/td>\n<td width=\"601\">200 db<\/td>\n<\/tr>\n<\/tbody>\n<\/table>","protected":false},"featured_media":1760,"template":"","meta":[],"product_brand":[],"product_cat":[38],"product_tag":[],"class_list":{"0":"post-1759","1":"product","2":"type-product","3":"status-publish","4":"has-post-thumbnail","6":"product_cat-mens-clothing","8":"first","9":"instock","10":"shipping-taxable","11":"product-type-simple"},"_links":{"self":[{"href":"https:\/\/mj-clothing.com\/hu\/wp-json\/wp\/v2\/product\/1759","targetHints":{"allow":["GET"]}}],"collection":[{"href":"https:\/\/mj-clothing.com\/hu\/wp-json\/wp\/v2\/product"}],"about":[{"href":"https:\/\/mj-clothing.com\/hu\/wp-json\/wp\/v2\/types\/product"}],"wp:featuredmedia":[{"embeddable":true,"href":"https:\/\/mj-clothing.com\/hu\/wp-json\/wp\/v2\/media\/1760"}],"wp:attachment":[{"href":"https:\/\/mj-clothing.com\/hu\/wp-json\/wp\/v2\/media?parent=1759"}],"wp:term":[{"taxonomy":"product_brand","embeddable":true,"href":"https:\/\/mj-clothing.com\/hu\/wp-json\/wp\/v2\/product_brand?post=1759"},{"taxonomy":"product_cat","embeddable":true,"href":"https:\/\/mj-clothing.com\/hu\/wp-json\/wp\/v2\/product_cat?post=1759"},{"taxonomy":"product_tag","embeddable":true,"href":"https:\/\/mj-clothing.com\/hu\/wp-json\/wp\/v2\/product_tag?post=1759"}],"curies":[{"name":"wp","href":"https:\/\/api.w.org\/{rel}","templated":true}]}}

<h2 data-sourcepos="1:1-1:173">Fekete farmerdzseki</h2>
<p data-sourcepos="1:1-1:173">A fekete farmerdzseki sokoldalú darab, amely bármilyen ruhát feldobhat. Ez egy klasszikus, időtlen darab, amely fel- és leöltöztethető, így minden ruhatárban kötelező darab.</p>
<p data-sourcepos="3:1-3:54"><strong>Íme, miért remek választás egy fekete farmerdzseki:</strong></p>
<ul data-sourcepos="5:1-9:0">
<li data-sourcepos="5:1-5:94"><strong>Sokoldalúság:</strong> Párosítható farmerrel, chinóval, vagy akár öltönyhöz is, ha formálisabb megjelenést szeretne.</li>
<li data-sourcepos="6:1-6:70"><strong>Időtlen:</strong> A fekete farmer klasszikus, amely sosem megy ki a divatból.</li>
<li data-sourcepos="7:1-7:76"><strong>Tartósság:</strong> A farmer egy strapabíró anyag, amely ellenáll a kopásnak.</li>
<li data-sourcepos="8:1-9:0"><strong>Edgy:</strong> A fekete farmer egy kis élességet kölcsönöz bármelyik öltözéknek.</li>
</ul>
<p data-sourcepos="10:1-10:38"><strong>Hogyan kell a fekete farmerdzsekit stílusosan viselni:</strong></p>
<ul data-sourcepos="12:1-16:0">
<li data-sourcepos="12:1-12:84"><strong>Alkalmi megjelenés:</strong> Párosítsd farmerrel, pólóval és tornacipővel a laza megjelenéshez.</li>
<li data-sourcepos="13:1-13:99"><strong>Smart Casual:</strong> Viselje chinóval, gombos inggel és papuccsal, ha elegánsabb megjelenést szeretne elérni.</li>
<li data-sourcepos="14:1-14:95"><strong>Edgy Look:</strong> Párosítsd bőrnadrággal, grafikus pólóval és csizmával a rock and roll hangulatért.</li>
<li data-sourcepos="15:1-16:0"><strong>Hivatalos megjelenés:</strong> Rétegezze öltönyzakó fölé, hogy a formális viseletet egyedivé varázsolja.</li>
</ul>
<p data-sourcepos="17:1-17:43"><strong>Tippek a fekete farmerdzseki kiválasztásához:</strong></p>
<ul data-sourcepos="19:1-22:0">
<li data-sourcepos="19:1-19:71"><strong>Illeszkedés:</strong> Válasszon olyan kabátot, amely jól illeszkedik és hízeleg a testalkatának.</li>
<li data-sourcepos="20:1-20:78"><strong>Anyag:</strong> Keressen kiváló minőségű farmeranyagot, amely tartós és kényelmes.</li>
<li data-sourcepos="21:1-22:0"><strong>Stílus:</strong> Vegye figyelembe személyes stílusát, és válasszon olyan kabátot, amely tükrözi ízlését.</li>
</ul>

<table style="height: 491px;" width="498">
<tbody>
<tr>
<td width="146"><strong><b>Termék</b></strong> <strong><b>Név:</b></strong></td>
<td width="601"><strong>Fekete farmerdzseki</strong></td>
</tr>
<tr>
<td width="146"><strong><b>Materlal:</b></strong></td>
<td width="601">Poliészter/pamut</td>
</tr>
<tr>
<td width="146"><strong><b>Technika:</b></strong></td>
<td width="601">Nyomtatás és festés</td>
</tr>
<tr>
<td width="146"><strong><b>Stílus:</b></strong></td>
<td width="601">Alkalmi</td>
</tr>
<tr>
<td width="146"><strong><b>Színes</b></strong><strong><b>:</b></strong></td>
<td width="601"> Egyedi színek</td>
</tr>
<tr>
<td width="146"><strong><b>Méret:</b></strong></td>
<td width="601">S /M /L /XL /2XL</td>
</tr>
<tr>
<td width="146"><strong><b>OEM/ODM:</b></strong></td>
<td width="601">Elfogadható</td>
</tr>
<tr>
<td width="146"><strong><b>Minőség:</b></strong></td>
<td width="601">100% Kiváló minőség</td>
</tr>
<tr>
<td width="146"><strong><b>M</b></strong><strong><b>OQ:</b></strong></td>
<td width="601">200 db</td>
</tr>
</tbody>
</table>
