{"id":1774,"date":"2024-12-14T03:23:26","date_gmt":"2024-12-14T03:23:26","guid":{"rendered":"https:\/\/mj-clothing.com\/?post_type=product&#038;p=1774"},"modified":"2024-12-17T07:06:57","modified_gmt":"2024-12-17T07:06:57","slug":"shell-jacket","status":"publish","type":"product","link":"https:\/\/mj-clothing.com\/hu\/manufacturer\/shell-jacket\/","title":{"rendered":"Shell kab\u00e1t"},"content":{"rendered":"<p data-sourcepos=\"1:1-1:266\">A h\u00e9jdzseki egy k\u00f6nny\u0171, v\u00edz- \u00e9s sz\u00e9l\u00e1ll\u00f3 k\u00fcls\u0151 r\u00e9teg, amelyet \u00fagy terveztek, hogy megv\u00e9djen az id\u0151j\u00e1r\u00e1s viszontags\u00e1gait\u00f3l. Ez egy sokoldal\u00fa fels\u0151ruh\u00e1zati darab, amely k\u00fcl\u00f6nb\u00f6z\u0151 id\u0151j\u00e1r\u00e1si k\u00f6r\u00fclm\u00e9nyek k\u00f6z\u00f6tt is viselhet\u0151, \u00edgy n\u00e9pszer\u0171 v\u00e1laszt\u00e1s a szabadt\u00e9ri tev\u00e9kenys\u00e9gekhez \u00e9s a mindennapi viselethez.<\/p>\n<h3 data-sourcepos=\"3:1-3:35\"><strong>A Shell kab\u00e1t legfontosabb jellemz\u0151i:<\/strong><\/h3>\n<ul data-sourcepos=\"5:1-9:0\">\n<li data-sourcepos=\"5:1-5:218\"><strong>V\u00edz\u00e1ll\u00f3 \u00e9s sz\u00e9l\u00e1ll\u00f3:<\/strong> A kab\u00e1t els\u0151dleges funkci\u00f3ja, hogy sz\u00e1razon tartson \u00e9s megv\u00e9djen a sz\u00e9lt\u0151l. \u00c1ltal\u00e1ban v\u00edz\u00e1ll\u00f3 \u00e9s l\u00e9g\u00e1tereszt\u0151 anyagokb\u00f3l, p\u00e9ld\u00e1ul Gore-Texb\u0151l vagy hasonl\u00f3 technol\u00f3gi\u00e1kb\u00f3l k\u00e9sz\u00fcl.<\/li>\n<li data-sourcepos=\"6:1-6:155\"><strong>L\u00e9legz\u0151k\u00e9pess\u00e9g:<\/strong> A j\u00f3 dzseki sz\u00e1razon tart, ugyanakkor lehet\u0151v\u00e9 teszi a nedvess\u00e9gp\u00e1ra t\u00e1voz\u00e1s\u00e1t is, \u00edgy megakad\u00e1lyozza, hogy nyirkosnak \u00e9s k\u00e9nyelmetlen\u00fcl \u00e9rezd magad.<\/li>\n<li data-sourcepos=\"7:1-7:97\"><strong>Tart\u00f3ss\u00e1g:<\/strong> A h\u00e9jkab\u00e1tokat \u00fagy tervezt\u00e9k, hogy ellen\u00e1lljanak a zord id\u0151j\u00e1r\u00e1si k\u00f6r\u00fclm\u00e9nyeknek \u00e9s a nagy ig\u00e9nybev\u00e9telnek.<\/li>\n<li data-sourcepos=\"8:1-9:0\"><strong>Csomagolhat\u00f3s\u00e1g:<\/strong> Sok kab\u00e1t k\u00f6nny\u0171 \u00e9s csomagolhat\u00f3, \u00edgy haszn\u00e1laton k\u00edv\u00fcl k\u00f6nnyen hordozhat\u00f3.<\/li>\n<\/ul>\n<h3 data-sourcepos=\"10:1-10:32\"><strong>Hogyan kell st\u00edlusosan viselni egy h\u00e9jkab\u00e1tot:<\/strong><\/h3>\n<ul data-sourcepos=\"12:1-15:0\">\n<li data-sourcepos=\"12:1-12:96\"><strong>Alkalmi:<\/strong> P\u00e1ros\u00edtsd farmerrel, p\u00f3l\u00f3val \u00e9s tornacip\u0151vel a k\u00e9nyelmes \u00e9s funkcion\u00e1lis megjelen\u00e9s\u00e9rt.<\/li>\n<li data-sourcepos=\"13:1-13:112\"><strong>Smart Casual:<\/strong> Egy pul\u00f3ver, chin\u00f3 \u00e9s egy gombos ing f\u00f6l\u00e9 h\u00fazva st\u00edlusos \u00e9s praktikus \u00f6lt\u00f6z\u00e9ket kaphatsz.<\/li>\n<li data-sourcepos=\"14:1-15:0\"><strong>Szabadt\u00e9ri tev\u00e9kenys\u00e9gek:<\/strong> Viselje t\u00faranadr\u00e1ggal, gyapj\u00faval \u00e9s er\u0151s bakanccsal, hogy v\u00e9dve legyen az elemekkel szemben.<\/li>\n<\/ul>\n<h3 data-sourcepos=\"16:1-16:37\"><strong>N\u00e9pszer\u0171 m\u00e1rk\u00e1k a Shell kab\u00e1tok sz\u00e1m\u00e1ra:<\/strong><\/h3>\n<ul data-sourcepos=\"18:1-21:0\">\n<li data-sourcepos=\"18:1-18:58\"><strong>K\u00fclt\u00e9ri m\u00e1rk\u00e1k:<\/strong> Patagonia, The North Face, Arc'teryx<\/li>\n<li data-sourcepos=\"19:1-19:46\"><strong>M\u0171szaki m\u00e1rk\u00e1k:<\/strong> Gore-Tex, Helly Hansen<\/li>\n<li data-sourcepos=\"20:1-21:0\"><strong>\u00c9letm\u00f3d m\u00e1rk\u00e1k:<\/strong> Columbia, Timberland, Jack Wolfskin<\/li>\n<\/ul>","protected":false},"excerpt":{"rendered":"<table style=\"height: 515px;\" width=\"509\">\n<tbody>\n<tr>\n<td width=\"146\"><strong><b>Term\u00e9k<\/b><\/strong>\u00a0<strong><b>N\u00e9v:<\/b><\/strong><\/td>\n<td width=\"601\"><strong>Shell kab\u00e1t<\/strong><\/td>\n<\/tr>\n<tr>\n<td width=\"146\"><strong><b>Materlal:<\/b><\/strong><\/td>\n<td width=\"601\">Poli\u00e9szter\/pamut<\/td>\n<\/tr>\n<tr>\n<td width=\"146\"><strong><b>Technika:<\/b><\/strong><\/td>\n<td width=\"601\">Nyomtat\u00e1s \u00e9s fest\u00e9s<\/td>\n<\/tr>\n<tr>\n<td width=\"146\"><strong><b>St\u00edlus:<\/b><\/strong><\/td>\n<td width=\"601\">Alkalmi<\/td>\n<\/tr>\n<tr>\n<td width=\"146\"><strong><b>Sz\u00ednes<\/b><\/strong><strong><b>:<\/b><\/strong><\/td>\n<td width=\"601\">\u00a0Egyedi sz\u00ednek<\/td>\n<\/tr>\n<tr>\n<td width=\"146\"><strong><b>M\u00e9ret:<\/b><\/strong><\/td>\n<td width=\"601\">S \/M \/L \/XL \/2XL<\/td>\n<\/tr>\n<tr>\n<td width=\"146\"><strong><b>OEM\/ODM:<\/b><\/strong><\/td>\n<td width=\"601\">Elfogadhat\u00f3<\/td>\n<\/tr>\n<tr>\n<td width=\"146\"><strong><b>Min\u0151s\u00e9g:<\/b><\/strong><\/td>\n<td width=\"601\">100% Kiv\u00e1l\u00f3 min\u0151s\u00e9g<\/td>\n<\/tr>\n<tr>\n<td width=\"146\"><strong><b>M<\/b><\/strong><strong><b>OQ:<\/b><\/strong><\/td>\n<td width=\"601\">200 db<\/td>\n<\/tr>\n<\/tbody>\n<\/table>","protected":false},"featured_media":1776,"template":"","meta":[],"product_brand":[],"product_cat":[38],"product_tag":[],"class_list":{"0":"post-1774","1":"product","2":"type-product","3":"status-publish","4":"has-post-thumbnail","6":"product_cat-mens-clothing","8":"first","9":"instock","10":"shipping-taxable","11":"product-type-simple"},"_links":{"self":[{"href":"https:\/\/mj-clothing.com\/hu\/wp-json\/wp\/v2\/product\/1774","targetHints":{"allow":["GET"]}}],"collection":[{"href":"https:\/\/mj-clothing.com\/hu\/wp-json\/wp\/v2\/product"}],"about":[{"href":"https:\/\/mj-clothing.com\/hu\/wp-json\/wp\/v2\/types\/product"}],"wp:featuredmedia":[{"embeddable":true,"href":"https:\/\/mj-clothing.com\/hu\/wp-json\/wp\/v2\/media\/1776"}],"wp:attachment":[{"href":"https:\/\/mj-clothing.com\/hu\/wp-json\/wp\/v2\/media?parent=1774"}],"wp:term":[{"taxonomy":"product_brand","embeddable":true,"href":"https:\/\/mj-clothing.com\/hu\/wp-json\/wp\/v2\/product_brand?post=1774"},{"taxonomy":"product_cat","embeddable":true,"href":"https:\/\/mj-clothing.com\/hu\/wp-json\/wp\/v2\/product_cat?post=1774"},{"taxonomy":"product_tag","embeddable":true,"href":"https:\/\/mj-clothing.com\/hu\/wp-json\/wp\/v2\/product_tag?post=1774"}],"curies":[{"name":"wp","href":"https:\/\/api.w.org\/{rel}","templated":true}]}}

Shell kabát

<p data-sourcepos="1:1-1:266">A héjdzseki egy könnyű, víz- és szélálló külső réteg, amelyet úgy terveztek, hogy megvédjen az időjárás viszontagságaitól. Ez egy sokoldalú felsőruházati darab, amely különböző időjárási körülmények között is viselhető, így népszerű választás a szabadtéri tevékenységekhez és a mindennapi viselethez.</p>
<h3 data-sourcepos="3:1-3:35"><strong>A Shell kabát legfontosabb jellemzői:</strong></h3>
<ul data-sourcepos="5:1-9:0">
<li data-sourcepos="5:1-5:218"><strong>Vízálló és szélálló:</strong> A kabát elsődleges funkciója, hogy szárazon tartson és megvédjen a széltől. Általában vízálló és légáteresztő anyagokból, például Gore-Texből vagy hasonló technológiákból készül.</li>
<li data-sourcepos="6:1-6:155"><strong>Lélegzőképesség:</strong> A jó dzseki szárazon tart, ugyanakkor lehetővé teszi a nedvességpára távozását is, így megakadályozza, hogy nyirkosnak és kényelmetlenül érezd magad.</li>
<li data-sourcepos="7:1-7:97"><strong>Tartósság:</strong> A héjkabátokat úgy tervezték, hogy ellenálljanak a zord időjárási körülményeknek és a nagy igénybevételnek.</li>
<li data-sourcepos="8:1-9:0"><strong>Csomagolhatóság:</strong> Sok kabát könnyű és csomagolható, így használaton kívül könnyen hordozható.</li>
</ul>
<h3 data-sourcepos="10:1-10:32"><strong>Hogyan kell stílusosan viselni egy héjkabátot:</strong></h3>
<ul data-sourcepos="12:1-15:0">
<li data-sourcepos="12:1-12:96"><strong>Alkalmi:</strong> Párosítsd farmerrel, pólóval és tornacipővel a kényelmes és funkcionális megjelenésért.</li>
<li data-sourcepos="13:1-13:112"><strong>Smart Casual:</strong> Egy pulóver, chinó és egy gombos ing fölé húzva stílusos és praktikus öltözéket kaphatsz.</li>
<li data-sourcepos="14:1-15:0"><strong>Szabadtéri tevékenységek:</strong> Viselje túranadrággal, gyapjúval és erős bakanccsal, hogy védve legyen az elemekkel szemben.</li>
</ul>
<h3 data-sourcepos="16:1-16:37"><strong>Népszerű márkák a Shell kabátok számára:</strong></h3>
<ul data-sourcepos="18:1-21:0">
<li data-sourcepos="18:1-18:58"><strong>Kültéri márkák:</strong> Patagonia, The North Face, Arc'teryx</li>
<li data-sourcepos="19:1-19:46"><strong>Műszaki márkák:</strong> Gore-Tex, Helly Hansen</li>
<li data-sourcepos="20:1-21:0"><strong>Életmód márkák:</strong> Columbia, Timberland, Jack Wolfskin</li>
</ul>

<table style="height: 515px;" width="509">
<tbody>
<tr>
<td width="146"><strong><b>Termék</b></strong> <strong><b>Név:</b></strong></td>
<td width="601"><strong>Shell kabát</strong></td>
</tr>
<tr>
<td width="146"><strong><b>Materlal:</b></strong></td>
<td width="601">Poliészter/pamut</td>
</tr>
<tr>
<td width="146"><strong><b>Technika:</b></strong></td>
<td width="601">Nyomtatás és festés</td>
</tr>
<tr>
<td width="146"><strong><b>Stílus:</b></strong></td>
<td width="601">Alkalmi</td>
</tr>
<tr>
<td width="146"><strong><b>Színes</b></strong><strong><b>:</b></strong></td>
<td width="601"> Egyedi színek</td>
</tr>
<tr>
<td width="146"><strong><b>Méret:</b></strong></td>
<td width="601">S /M /L /XL /2XL</td>
</tr>
<tr>
<td width="146"><strong><b>OEM/ODM:</b></strong></td>
<td width="601">Elfogadható</td>
</tr>
<tr>
<td width="146"><strong><b>Minőség:</b></strong></td>
<td width="601">100% Kiváló minőség</td>
</tr>
<tr>
<td width="146"><strong><b>M</b></strong><strong><b>OQ:</b></strong></td>
<td width="601">200 db</td>
</tr>
</tbody>
</table>
