{"id":1813,"date":"2024-12-14T07:39:40","date_gmt":"2024-12-14T07:39:40","guid":{"rendered":"https:\/\/mj-clothing.com\/?post_type=product&#038;p=1813"},"modified":"2024-12-17T06:49:41","modified_gmt":"2024-12-17T06:49:41","slug":"flannel-lined-jacket","status":"publish","type":"product","link":"https:\/\/mj-clothing.com\/hu\/manufacturer\/flannel-lined-jacket\/","title":{"rendered":"Flanel b\u00e9l\u00e9s\u0171 kab\u00e1t"},"content":{"rendered":"<h2 data-sourcepos=\"1:1-1:46\">F\u00e9rfi flanel b\u00e9lelt kab\u00e1tok: A Cozy Classic<\/h2>\n<p data-sourcepos=\"3:1-3:223\"><span class=\"citation-0 recitation citation-end-0\">A flanel b\u00e9l\u00e9s\u0171 kab\u00e1t egy klasszikus fels\u0151ruh\u00e1zati darab, amely meleget, k\u00e9nyelmet \u00e9s st\u00edlust k\u00edn\u00e1l.<\/span> T\u00f6k\u00e9letes a h\u0171v\u00f6s \u0151szi \u00e9s t\u00e9li napokon, amikor egy kis extra melegs\u00e9gre van sz\u00fcks\u00e9ged an\u00e9lk\u00fcl, hogy a st\u00edlusodat fel\u00e1ldozn\u00e1d.<\/p>\n<p data-sourcepos=\"3:1-3:223\"><strong>\u00a0 \u00a0 \u00a0Mi\u00e9rt v\u00e1lasszon flanel b\u00e9l\u00e9s\u0171 kab\u00e1tot?<\/strong><\/p>\n<ul data-sourcepos=\"7:1-11:0\">\n<li data-sourcepos=\"7:1-7:103\"><strong>Melegs\u00e9g:<\/strong> <span class=\"citation-1 recitation citation-end-1\">A flanel b\u00e9l\u00e9s kiv\u00e1l\u00f3 szigetel\u00e9st biztos\u00edt, \u00edgy melegen \u00e9s otthonosan tartja \u00d6nt.<\/span><span class=\"button-container hide-from-message-actions ng-star-inserted\">\u00a0<\/span>\n<div class=\"container ng-tns-c2946245707-430 hide\">\n<div class=\"carousel-container ng-tns-c2946245707-430\"><\/div>\n<\/div>\n<\/li>\n<li data-sourcepos=\"8:1-8:103\"><strong>K\u00e9nyelem:<\/strong> <span class=\"citation-2 recitation citation-end-2\">A flanel egy puha \u00e9s k\u00e9nyelmes anyag, amely j\u00f3l \u00e9rzi mag\u00e1t a b\u0151r\u00f6n.<\/span><span class=\"button-container hide-from-message-actions ng-star-inserted\"> \u00a0<\/span>\n<div class=\"container ng-tns-c2946245707-431 hide\">\n<div class=\"carousel-container ng-tns-c2946245707-431\"><\/div>\n<\/div>\n<\/li>\n<li data-sourcepos=\"9:1-9:119\"><strong>St\u00edlus:<\/strong> <span class=\"citation-3 recitation citation-end-3\">A flanel b\u00e9l\u00e9s\u0171 kab\u00e1tok fel- vagy le\u00f6lt\u00f6ztethet\u0151k, \u00edgy sokoldal\u00faan felhaszn\u00e1lhat\u00f3k k\u00fcl\u00f6nb\u00f6z\u0151 alkalmakra.<\/span><span class=\"button-container hide-from-message-actions ng-star-inserted\"> \u00a0<\/span>\n<div class=\"container ng-tns-c2946245707-432 hide\">\n<div class=\"carousel-container ng-tns-c2946245707-432\"><\/div>\n<\/div>\n<\/li>\n<li data-sourcepos=\"10:1-11:0\"><strong><span class=\"citation-4 recitation\">Tart\u00f3ss\u00e1g:<\/span><\/strong><span class=\"citation-4 recitation citation-end-4\"> A flanel tart\u00f3s anyag, amely ellen\u00e1ll a rendszeres kop\u00e1snak.<\/span><span class=\"button-container hide-from-message-actions ng-star-inserted\">\u00a0<\/span>\n<div class=\"container ng-tns-c2946245707-433 hide\">\n<div class=\"carousel-container ng-tns-c2946245707-433\">\n<div class=\"carousel-content ng-tns-c2946245707-433\">\n<div class=\"sources-carousel-source ng-tns-c2946245707-433 hide ng-star-inserted\" data-test-id=\"sources-carousel-source\"><\/div>\n<\/div>\n<\/div>\n<\/div>\n<\/li>\n<\/ul>\n<p data-sourcepos=\"12:1-12:40\"><strong>Hogyan stiliz\u00e1ljunk egy flanel b\u00e9l\u00e9s\u0171 kab\u00e1tot:<\/strong><\/p>\n<ul data-sourcepos=\"14:1-17:0\">\n<li data-sourcepos=\"14:1-14:77\"><strong>Alkalmi:<\/strong> P\u00e1ros\u00edtsd farmerrel, p\u00f3l\u00f3val \u00e9s tornacip\u0151vel a laza megjelen\u00e9shez.<\/li>\n<li data-sourcepos=\"15:1-15:96\"><strong>Smart Casual:<\/strong> Viselheti chin\u00f3val, gombos inggel \u00e9s papuccsal egy eleg\u00e1ns \u00f6lt\u00f6z\u00e9khez.<\/li>\n<li data-sourcepos=\"16:1-17:0\"><strong>Szabadt\u00e9ri tev\u00e9kenys\u00e9gek:<\/strong> R\u00e9tegezze egy gyapj\u00fa vagy kapucnis pul\u00f3ver f\u00f6l\u00e9, hogy a szabadt\u00e9ri kalandok sor\u00e1n m\u00e9g melegebb legyen.<\/li>\n<\/ul>\n<p data-sourcepos=\"18:1-18:46\"><strong>Hol tal\u00e1lja meg a f\u00e9rfi flanel b\u00e9lelt dzsekiket:<\/strong><\/p>\n<ul data-sourcepos=\"20:1-23:0\">\n<li data-sourcepos=\"20:1-20:86\"><strong>\u00c1ruh\u00e1zak:<\/strong> Keressen olyan m\u00e1rk\u00e1kat, amelyek k\u00fcl\u00f6nb\u00f6z\u0151 st\u00edlusokat \u00e9s anyagokat k\u00edn\u00e1lnak.<\/li>\n<li data-sourcepos=\"21:1-21:136\"><strong><span class=\"citation-5 recitation\">Online kiskeresked\u0151k:<\/span><\/strong><span class=\"citation-5 recitation citation-end-5\"> Az olyan weboldalak, mint az Amazon, az eBay \u00e9s m\u00e1s online kiskeresked\u0151k flanel b\u00e9l\u00e9s\u0171 kab\u00e1tok sz\u00e9les v\u00e1laszt\u00e9k\u00e1t k\u00edn\u00e1lj\u00e1k.<\/span><span class=\"button-container hide-from-message-actions ng-star-inserted\">\u00a0<\/span>\n<div class=\"container ng-tns-c2946245707-434 hide\">\n<div class=\"carousel-container ng-tns-c2946245707-434\"><\/div>\n<\/div>\n<\/li>\n<li data-sourcepos=\"22:1-23:0\"><strong>K\u00fclt\u00e9ri ruh\u00e1zati \u00fczletek:<\/strong> A szabadt\u00e9ri felszerel\u00e9sekre szakosodott \u00fczletek gyakran tartanak flanel b\u00e9l\u00e9s\u0171, speci\u00e1lis tev\u00e9kenys\u00e9gekre tervezett kab\u00e1tokat.<\/li>\n<\/ul>\n<p data-sourcepos=\"24:1-24:45\"><strong>Tippek a flanel b\u00e9l\u00e9s\u0171 kab\u00e1t kiv\u00e1laszt\u00e1s\u00e1hoz:<\/strong><\/p>\n<ul data-sourcepos=\"26:1-30:0\">\n<li data-sourcepos=\"26:1-26:128\"><strong>Anyag:<\/strong> Vegye figyelembe a flanel b\u00e9l\u00e9s s\u00faly\u00e1t \u00e9s vastags\u00e1g\u00e1t, mivel ez befoly\u00e1solja a kab\u00e1t melegs\u00e9g\u00e9t \u00e9s k\u00e9nyelm\u00e9t.<\/li>\n<li data-sourcepos=\"27:1-27:69\"><strong>Illeszked\u00e9s:<\/strong> V\u00e1lasszon olyan kab\u00e1tot, amely j\u00f3l illeszkedik \u00e9s k\u00e9nyelmes viselet.<\/li>\n<li data-sourcepos=\"28:1-28:108\"><strong>St\u00edlus:<\/strong> V\u00e1lassza ki a szem\u00e9lyes \u00edzl\u00e9s\u00e9nek megfelel\u0151 st\u00edlust, p\u00e9ld\u00e1ul bomberdzsekit, terepdzsekit vagy park\u00e1t.<\/li>\n<li data-sourcepos=\"29:1-30:0\"><strong>Jellemz\u0151k:<\/strong> Fontolja meg az olyan kieg\u00e9sz\u00edt\u0151 funkci\u00f3kat, mint a zsebek, a h\u00faz\u00f3zsin\u00f3ros kapucni, valamint a bord\u00e1zott mandzsetta \u00e9s szeg\u00e9ly.<\/li>\n<\/ul>\n<p data-sourcepos=\"31:1-31:198\">Ha befektet egy kiv\u00e1l\u00f3 min\u0151s\u00e9g\u0171, flanel b\u00e9l\u00e9s\u0171 kab\u00e1tba, nemcsak egy st\u00edlusos \u00e9s funkcion\u00e1lis ruhadarabot kap, hanem egy olyan ruhadarabot is, amely \u00e9vekig melegen \u00e9s k\u00e9nyelmesen tartja majd.<\/p>","protected":false},"excerpt":{"rendered":"<table style=\"height: 478px;\" width=\"452\">\n<tbody>\n<tr>\n<td width=\"146\"><strong><b>Term\u00e9k<\/b><\/strong>\u00a0<strong><b>N\u00e9v:<\/b><\/strong><\/td>\n<td width=\"601\"><strong>Flanel b\u00e9l\u00e9s\u0171 kab\u00e1t<\/strong><\/td>\n<\/tr>\n<tr>\n<td width=\"146\"><strong><b>Materlal:<\/b><\/strong><\/td>\n<td width=\"601\">Poli\u00e9szter\/pamut<\/td>\n<\/tr>\n<tr>\n<td width=\"146\"><strong><b>Technika:<\/b><\/strong><\/td>\n<td width=\"601\">Egyszer\u0171 pamut<\/td>\n<\/tr>\n<tr>\n<td width=\"146\"><strong><b>St\u00edlus:<\/b><\/strong><\/td>\n<td width=\"601\">Alkalmi<\/td>\n<\/tr>\n<tr>\n<td width=\"146\"><strong><b>Sz\u00ednes<\/b><\/strong><strong><b>:<\/b><\/strong><\/td>\n<td width=\"601\">\u00a0Egyedi sz\u00ednek<\/td>\n<\/tr>\n<tr>\n<td width=\"146\"><strong><b>M\u00e9ret:<\/b><\/strong><\/td>\n<td width=\"601\">S \/M \/L \/XL \/2XL<\/td>\n<\/tr>\n<tr>\n<td width=\"146\"><strong><b>OEM\/ODM:<\/b><\/strong><\/td>\n<td width=\"601\">Elfogadhat\u00f3<\/td>\n<\/tr>\n<tr>\n<td width=\"146\"><strong><b>Min\u0151s\u00e9g:<\/b><\/strong><\/td>\n<td width=\"601\">100% Kiv\u00e1l\u00f3 min\u0151s\u00e9g<\/td>\n<\/tr>\n<tr>\n<td width=\"146\"><strong><b>M<\/b><\/strong><strong><b>OQ:<\/b><\/strong><\/td>\n<td width=\"601\">200 db<\/td>\n<\/tr>\n<\/tbody>\n<\/table>","protected":false},"featured_media":1814,"template":"","meta":[],"product_brand":[],"product_cat":[38],"product_tag":[],"class_list":{"0":"post-1813","1":"product","2":"type-product","3":"status-publish","4":"has-post-thumbnail","6":"product_cat-mens-clothing","8":"first","9":"instock","10":"shipping-taxable","11":"product-type-simple"},"_links":{"self":[{"href":"https:\/\/mj-clothing.com\/hu\/wp-json\/wp\/v2\/product\/1813","targetHints":{"allow":["GET"]}}],"collection":[{"href":"https:\/\/mj-clothing.com\/hu\/wp-json\/wp\/v2\/product"}],"about":[{"href":"https:\/\/mj-clothing.com\/hu\/wp-json\/wp\/v2\/types\/product"}],"wp:featuredmedia":[{"embeddable":true,"href":"https:\/\/mj-clothing.com\/hu\/wp-json\/wp\/v2\/media\/1814"}],"wp:attachment":[{"href":"https:\/\/mj-clothing.com\/hu\/wp-json\/wp\/v2\/media?parent=1813"}],"wp:term":[{"taxonomy":"product_brand","embeddable":true,"href":"https:\/\/mj-clothing.com\/hu\/wp-json\/wp\/v2\/product_brand?post=1813"},{"taxonomy":"product_cat","embeddable":true,"href":"https:\/\/mj-clothing.com\/hu\/wp-json\/wp\/v2\/product_cat?post=1813"},{"taxonomy":"product_tag","embeddable":true,"href":"https:\/\/mj-clothing.com\/hu\/wp-json\/wp\/v2\/product_tag?post=1813"}],"curies":[{"name":"wp","href":"https:\/\/api.w.org\/{rel}","templated":true}]}}

Flanel bélésű kabát

<h2 data-sourcepos="1:1-1:46">Férfi flanel bélelt kabátok: A Cozy Classic</h2>
<p data-sourcepos="3:1-3:223"><span class="citation-0 recitation citation-end-0">A flanel bélésű kabát egy klasszikus felsőruházati darab, amely meleget, kényelmet és stílust kínál.</span> Tökéletes a hűvös őszi és téli napokon, amikor egy kis extra melegségre van szükséged anélkül, hogy a stílusodat feláldoznád.</p>
<p data-sourcepos="3:1-3:223"><strong>     Miért válasszon flanel bélésű kabátot?</strong></p>
<ul data-sourcepos="7:1-11:0">
<li data-sourcepos="7:1-7:103"><strong>Melegség:</strong> <span class="citation-1 recitation citation-end-1">A flanel bélés kiváló szigetelést biztosít, így melegen és otthonosan tartja Önt.</span><span class="button-container hide-from-message-actions ng-star-inserted"> </span>
<div class="container ng-tns-c2946245707-430 hide">
<div class="carousel-container ng-tns-c2946245707-430"></div>
</div>
</li>
<li data-sourcepos="8:1-8:103"><strong>Kényelem:</strong> <span class="citation-2 recitation citation-end-2">A flanel egy puha és kényelmes anyag, amely jól érzi magát a bőrön.</span><span class="button-container hide-from-message-actions ng-star-inserted">  </span>
<div class="container ng-tns-c2946245707-431 hide">
<div class="carousel-container ng-tns-c2946245707-431"></div>
</div>
</li>
<li data-sourcepos="9:1-9:119"><strong>Stílus:</strong> <span class="citation-3 recitation citation-end-3">A flanel bélésű kabátok fel- vagy leöltöztethetők, így sokoldalúan felhasználhatók különböző alkalmakra.</span><span class="button-container hide-from-message-actions ng-star-inserted">  </span>
<div class="container ng-tns-c2946245707-432 hide">
<div class="carousel-container ng-tns-c2946245707-432"></div>
</div>
</li>
<li data-sourcepos="10:1-11:0"><strong><span class="citation-4 recitation">Tartósság:</span></strong><span class="citation-4 recitation citation-end-4"> A flanel tartós anyag, amely ellenáll a rendszeres kopásnak.</span><span class="button-container hide-from-message-actions ng-star-inserted"> </span>
<div class="container ng-tns-c2946245707-433 hide">
<div class="carousel-container ng-tns-c2946245707-433">
<div class="carousel-content ng-tns-c2946245707-433">
<div class="sources-carousel-source ng-tns-c2946245707-433 hide ng-star-inserted" data-test-id="sources-carousel-source"></div>
</div>
</div>
</div>
</li>
</ul>
<p data-sourcepos="12:1-12:40"><strong>Hogyan stilizáljunk egy flanel bélésű kabátot:</strong></p>
<ul data-sourcepos="14:1-17:0">
<li data-sourcepos="14:1-14:77"><strong>Alkalmi:</strong> Párosítsd farmerrel, pólóval és tornacipővel a laza megjelenéshez.</li>
<li data-sourcepos="15:1-15:96"><strong>Smart Casual:</strong> Viselheti chinóval, gombos inggel és papuccsal egy elegáns öltözékhez.</li>
<li data-sourcepos="16:1-17:0"><strong>Szabadtéri tevékenységek:</strong> Rétegezze egy gyapjú vagy kapucnis pulóver fölé, hogy a szabadtéri kalandok során még melegebb legyen.</li>
</ul>
<p data-sourcepos="18:1-18:46"><strong>Hol találja meg a férfi flanel bélelt dzsekiket:</strong></p>
<ul data-sourcepos="20:1-23:0">
<li data-sourcepos="20:1-20:86"><strong>Áruházak:</strong> Keressen olyan márkákat, amelyek különböző stílusokat és anyagokat kínálnak.</li>
<li data-sourcepos="21:1-21:136"><strong><span class="citation-5 recitation">Online kiskereskedők:</span></strong><span class="citation-5 recitation citation-end-5"> Az olyan weboldalak, mint az Amazon, az eBay és más online kiskereskedők flanel bélésű kabátok széles választékát kínálják.</span><span class="button-container hide-from-message-actions ng-star-inserted"> </span>
<div class="container ng-tns-c2946245707-434 hide">
<div class="carousel-container ng-tns-c2946245707-434"></div>
</div>
</li>
<li data-sourcepos="22:1-23:0"><strong>Kültéri ruházati üzletek:</strong> A szabadtéri felszerelésekre szakosodott üzletek gyakran tartanak flanel bélésű, speciális tevékenységekre tervezett kabátokat.</li>
</ul>
<p data-sourcepos="24:1-24:45"><strong>Tippek a flanel bélésű kabát kiválasztásához:</strong></p>
<ul data-sourcepos="26:1-30:0">
<li data-sourcepos="26:1-26:128"><strong>Anyag:</strong> Vegye figyelembe a flanel bélés súlyát és vastagságát, mivel ez befolyásolja a kabát melegségét és kényelmét.</li>
<li data-sourcepos="27:1-27:69"><strong>Illeszkedés:</strong> Válasszon olyan kabátot, amely jól illeszkedik és kényelmes viselet.</li>
<li data-sourcepos="28:1-28:108"><strong>Stílus:</strong> Válassza ki a személyes ízlésének megfelelő stílust, például bomberdzsekit, terepdzsekit vagy parkát.</li>
<li data-sourcepos="29:1-30:0"><strong>Jellemzők:</strong> Fontolja meg az olyan kiegészítő funkciókat, mint a zsebek, a húzózsinóros kapucni, valamint a bordázott mandzsetta és szegély.</li>
</ul>
<p data-sourcepos="31:1-31:198">Ha befektet egy kiváló minőségű, flanel bélésű kabátba, nemcsak egy stílusos és funkcionális ruhadarabot kap, hanem egy olyan ruhadarabot is, amely évekig melegen és kényelmesen tartja majd.</p>

<table style="height: 478px;" width="452">
<tbody>
<tr>
<td width="146"><strong><b>Termék</b></strong> <strong><b>Név:</b></strong></td>
<td width="601"><strong>Flanel bélésű kabát</strong></td>
</tr>
<tr>
<td width="146"><strong><b>Materlal:</b></strong></td>
<td width="601">Poliészter/pamut</td>
</tr>
<tr>
<td width="146"><strong><b>Technika:</b></strong></td>
<td width="601">Egyszerű pamut</td>
</tr>
<tr>
<td width="146"><strong><b>Stílus:</b></strong></td>
<td width="601">Alkalmi</td>
</tr>
<tr>
<td width="146"><strong><b>Színes</b></strong><strong><b>:</b></strong></td>
<td width="601"> Egyedi színek</td>
</tr>
<tr>
<td width="146"><strong><b>Méret:</b></strong></td>
<td width="601">S /M /L /XL /2XL</td>
</tr>
<tr>
<td width="146"><strong><b>OEM/ODM:</b></strong></td>
<td width="601">Elfogadható</td>
</tr>
<tr>
<td width="146"><strong><b>Minőség:</b></strong></td>
<td width="601">100% Kiváló minőség</td>
</tr>
<tr>
<td width="146"><strong><b>M</b></strong><strong><b>OQ:</b></strong></td>
<td width="601">200 db</td>
</tr>
</tbody>
</table>
