{"id":1821,"date":"2024-12-14T08:09:47","date_gmt":"2024-12-14T08:09:47","guid":{"rendered":"https:\/\/mj-clothing.com\/?post_type=product&#038;p=1821"},"modified":"2024-12-17T06:35:17","modified_gmt":"2024-12-17T06:35:17","slug":"thermal-jacket","status":"publish","type":"product","link":"https:\/\/mj-clothing.com\/hu\/manufacturer\/thermal-jacket\/","title":{"rendered":"Termikus kab\u00e1t"},"content":{"rendered":"<h2 data-sourcepos=\"1:1-1:38\">Termikus kab\u00e1tok: A Winter Essential<\/h2>\n<p data-sourcepos=\"3:1-3:216\">A termo dzseki egy sokoldal\u00fa fels\u0151ruh\u00e1zati darab, amelyet \u00fagy terveztek, hogy hideg id\u0151ben melegen \u00e9s k\u00e9nyelmesen tartsa \u00d6nt. K\u00fcl\u00f6nb\u00f6z\u0151 st\u00edlusokban, anyagokban \u00e9s szigetel\u00e9si szintekben kaphat\u00f3k, hogy megfeleljenek a k\u00fcl\u00f6nb\u00f6z\u0151 ig\u00e9nyeknek \u00e9s preferenci\u00e1knak.<\/p>\n<p data-sourcepos=\"5:1-5:36\"><strong>A h\u0151kab\u00e1tok legfontosabb jellemz\u0151i:<\/strong><\/p>\n<ul data-sourcepos=\"7:1-11:0\">\n<li data-sourcepos=\"7:1-7:93\"><strong>Melegs\u00e9g:<\/strong> A termo dzsekiket \u00fagy tervezt\u00e9k, hogy a h\u0151t megk\u00f6tik \u00e9s melegen tartj\u00e1k \u00d6nt hideg k\u00f6r\u00fclm\u00e9nyek k\u00f6z\u00f6tt.<\/li>\n<li data-sourcepos=\"8:1-8:119\"><strong>V\u00edz\u00e1ll\u00f3s\u00e1g:<\/strong> Sok termokab\u00e1t v\u00edz\u00e1ll\u00f3 vagy ak\u00e1r v\u00edz\u00e1ll\u00f3, \u00edgy megv\u00e9d az es\u0151t\u0151l \u00e9s a h\u00f3t\u00f3l.<\/li>\n<li data-sourcepos=\"9:1-9:87\"><strong>Sz\u00e9l\u00e1ll\u00f3s\u00e1g:<\/strong> Gyakran sz\u00e9l\u00e1ll\u00f3 anyagokkal rendelkeznek, hogy megakad\u00e1lyozz\u00e1k a h\u0171v\u00f6s szelet.<\/li>\n<li data-sourcepos=\"10:1-11:0\"><strong>L\u00e9legz\u0151k\u00e9pess\u00e9g:<\/strong> A j\u00f3 termo dzsekik lehet\u0151v\u00e9 teszik a nedvess\u00e9g t\u00e1voz\u00e1s\u00e1t, \u00edgy sz\u00e1razon \u00e9s k\u00e9nyelmesen tartanak.<\/li>\n<\/ul>\n<p data-sourcepos=\"12:1-12:29\"><strong>A termikus kab\u00e1tok t\u00edpusai:<\/strong><\/p>\n<ul data-sourcepos=\"14:1-17:0\">\n<li data-sourcepos=\"14:1-14:129\"><strong>Pufferdzsekik:<\/strong> Ezek a kab\u00e1tok olyan szigetel\u0151anyagokkal vannak t\u00f6ltve, mint a pehely vagy a szintetikus sz\u00e1lak, amelyek maxim\u00e1lis meleget biztos\u00edtanak.<\/li>\n<li data-sourcepos=\"15:1-15:120\"><strong>Soft-Shell kab\u00e1tok:<\/strong> Ezek a kab\u00e1tok olyan anyagok kombin\u00e1ci\u00f3j\u00e1b\u00f3l k\u00e9sz\u00fclnek, amelyek egyszerre ny\u00fajtanak meleget \u00e9s rugalmass\u00e1got.<\/li>\n<li data-sourcepos=\"16:1-17:0\"><strong>Szigetelt kab\u00e1tok:<\/strong> Ezek a kab\u00e1tok k\u00fcl\u00f6nb\u00f6z\u0151 szigetel\u00e9si technol\u00f3gi\u00e1kat haszn\u00e1lnak a melegen tart\u00e1shoz, mint p\u00e9ld\u00e1ul a PrimaLoft vagy a Thinsulate.<\/li>\n<\/ul>\n<p data-sourcepos=\"18:1-18:35\"><strong>Hogyan v\u00e1lasszunk termo-kab\u00e1tot:<\/strong><\/p>\n<ol data-sourcepos=\"20:1-24:0\">\n<li data-sourcepos=\"20:1-20:158\"><strong>Vegy\u00fck figyelembe az \u00e9ghajlatot:<\/strong> Ha nagyon hideg \u00e9ghajlaton \u00e9l, v\u00e1lasszon er\u0151sen szigetelt kab\u00e1tot. Enyh\u00e9bb \u00e9ghajlaton egy k\u00f6nnyebb kab\u00e1t is elegend\u0151 lehet.<\/li>\n<li data-sourcepos=\"21:1-21:155\"><strong>Tev\u00e9kenys\u00e9gi szint:<\/strong> Ha szabadt\u00e9ri tev\u00e9kenys\u00e9geket tervez, v\u00e1lasszon olyan kab\u00e1tot, amely olyan funkci\u00f3kkal rendelkezik, mint az \u00e1ll\u00edthat\u00f3 kapucni, zsebek \u00e9s szell\u0151z\u00e9s.<\/li>\n<li data-sourcepos=\"22:1-22:90\"><strong>Illeszked\u00e9s:<\/strong> Gy\u0151z\u0151dj\u00f6n meg r\u00f3la, hogy a kab\u00e1t j\u00f3l illeszkedik, \u00e9s lehet\u0151v\u00e9 teszi a r\u00e9teges \u00f6lt\u00f6zk\u00f6d\u00e9st an\u00e9lk\u00fcl, hogy korl\u00e1tozva \u00e9rezn\u00e9 mag\u00e1t.<\/li>\n<li data-sourcepos=\"23:1-24:0\"><strong>Anyag:<\/strong> Vegye figyelembe a k\u00fcls\u0151 h\u00e9j \u00e9s a szigetel\u00e9s anyag\u00e1t. A v\u00edz\u00e1ll\u00f3 \u00e9s sz\u00e9l\u00e1ll\u00f3 anyagok ide\u00e1lisak a zord id\u0151j\u00e1r\u00e1si k\u00f6r\u00fclm\u00e9nyek k\u00f6z\u00f6tt.<\/li>\n<\/ol>\n<p data-sourcepos=\"25:1-25:37\"><strong>Styling tippek a termo-kab\u00e1tok sz\u00e1m\u00e1ra:<\/strong><\/p>\n<ul data-sourcepos=\"27:1-30:0\">\n<li data-sourcepos=\"27:1-27:90\"><strong>Alkalmi:<\/strong> P\u00e1ros\u00edtsd farmerrel, pul\u00f3verrel \u00e9s csizm\u00e1val a k\u00e9nyelmes \u00e9s st\u00edlusos megjelen\u00e9s\u00e9rt.<\/li>\n<li data-sourcepos=\"28:1-28:100\"><strong>Smart Casual:<\/strong> Viselje chin\u00f3val, gombos inggel \u00e9s tornacip\u0151vel, ha eleg\u00e1nsabb megjelen\u00e9st szeretne el\u00e9rni.<\/li>\n<li data-sourcepos=\"29:1-30:0\"><strong>Szabadt\u00e9ri tev\u00e9kenys\u00e9gek:<\/strong> R\u00e9tegezze egy gyapj\u00fa vagy kapucnis pul\u00f3ver f\u00f6l\u00e9, hogy a szabadt\u00e9ri kalandok sor\u00e1n m\u00e9g melegebb legyen.<\/li>\n<\/ul>\n<p data-sourcepos=\"31:1-31:105\">A megfelel\u0151 h\u0151kab\u00e1t kiv\u00e1laszt\u00e1s\u00e1val id\u0151j\u00e1r\u00e1st\u00f3l f\u00fcggetlen\u00fcl meleg, k\u00e9nyelmes \u00e9s st\u00edlusos maradhat.<\/p>\n<div class=\"attachment-container search-images\">\n<div class=\"image-container hide-from-message-actions ng-star-inserted\">\n<div class=\"overlay-container ng-star-inserted\"><\/div>\n<\/div>\n<\/div>","protected":false},"excerpt":{"rendered":"<table style=\"height: 510px;\" width=\"461\">\n<tbody>\n<tr>\n<td width=\"146\"><strong><b>Term\u00e9k<\/b><\/strong>\u00a0<strong><b>N\u00e9v:<\/b><\/strong><\/td>\n<td width=\"601\"><strong>Termikus kab\u00e1t<\/strong><\/td>\n<\/tr>\n<tr>\n<td width=\"146\"><strong><b>Materlal:<\/b><\/strong><\/td>\n<td width=\"601\">Poli\u00e9szter\/pamut<\/td>\n<\/tr>\n<tr>\n<td width=\"146\"><strong><b>Technika:<\/b><\/strong><\/td>\n<td width=\"601\">Egyszer\u0171 pamut<\/td>\n<\/tr>\n<tr>\n<td width=\"146\"><strong><b>St\u00edlus:<\/b><\/strong><\/td>\n<td width=\"601\">Alkalmi<\/td>\n<\/tr>\n<tr>\n<td width=\"146\"><strong><b>Sz\u00ednes<\/b><\/strong><strong><b>:<\/b><\/strong><\/td>\n<td width=\"601\">\u00a0Egyedi sz\u00ednek<\/td>\n<\/tr>\n<tr>\n<td width=\"146\"><strong><b>M\u00e9ret:<\/b><\/strong><\/td>\n<td width=\"601\">S \/M \/L \/XL \/2XL<\/td>\n<\/tr>\n<tr>\n<td width=\"146\"><strong><b>OEM\/ODM:<\/b><\/strong><\/td>\n<td width=\"601\">Elfogadhat\u00f3<\/td>\n<\/tr>\n<tr>\n<td width=\"146\"><strong><b>Min\u0151s\u00e9g:<\/b><\/strong><\/td>\n<td width=\"601\">100% Kiv\u00e1l\u00f3 min\u0151s\u00e9g<\/td>\n<\/tr>\n<tr>\n<td width=\"146\"><strong><b>M<\/b><\/strong><strong><b>OQ:<\/b><\/strong><\/td>\n<td width=\"601\">200 db<\/td>\n<\/tr>\n<\/tbody>\n<\/table>","protected":false},"featured_media":1822,"template":"","meta":[],"product_brand":[],"product_cat":[38],"product_tag":[],"class_list":{"0":"post-1821","1":"product","2":"type-product","3":"status-publish","4":"has-post-thumbnail","6":"product_cat-mens-clothing","8":"first","9":"instock","10":"shipping-taxable","11":"product-type-simple"},"_links":{"self":[{"href":"https:\/\/mj-clothing.com\/hu\/wp-json\/wp\/v2\/product\/1821","targetHints":{"allow":["GET"]}}],"collection":[{"href":"https:\/\/mj-clothing.com\/hu\/wp-json\/wp\/v2\/product"}],"about":[{"href":"https:\/\/mj-clothing.com\/hu\/wp-json\/wp\/v2\/types\/product"}],"wp:featuredmedia":[{"embeddable":true,"href":"https:\/\/mj-clothing.com\/hu\/wp-json\/wp\/v2\/media\/1822"}],"wp:attachment":[{"href":"https:\/\/mj-clothing.com\/hu\/wp-json\/wp\/v2\/media?parent=1821"}],"wp:term":[{"taxonomy":"product_brand","embeddable":true,"href":"https:\/\/mj-clothing.com\/hu\/wp-json\/wp\/v2\/product_brand?post=1821"},{"taxonomy":"product_cat","embeddable":true,"href":"https:\/\/mj-clothing.com\/hu\/wp-json\/wp\/v2\/product_cat?post=1821"},{"taxonomy":"product_tag","embeddable":true,"href":"https:\/\/mj-clothing.com\/hu\/wp-json\/wp\/v2\/product_tag?post=1821"}],"curies":[{"name":"wp","href":"https:\/\/api.w.org\/{rel}","templated":true}]}}

Termikus kabát

<h2 data-sourcepos="1:1-1:38">Termikus kabátok: A Winter Essential</h2>
<p data-sourcepos="3:1-3:216">A termo dzseki egy sokoldalú felsőruházati darab, amelyet úgy terveztek, hogy hideg időben melegen és kényelmesen tartsa Önt. Különböző stílusokban, anyagokban és szigetelési szintekben kaphatók, hogy megfeleljenek a különböző igényeknek és preferenciáknak.</p>
<p data-sourcepos="5:1-5:36"><strong>A hőkabátok legfontosabb jellemzői:</strong></p>
<ul data-sourcepos="7:1-11:0">
<li data-sourcepos="7:1-7:93"><strong>Melegség:</strong> A termo dzsekiket úgy tervezték, hogy a hőt megkötik és melegen tartják Önt hideg körülmények között.</li>
<li data-sourcepos="8:1-8:119"><strong>Vízállóság:</strong> Sok termokabát vízálló vagy akár vízálló, így megvéd az esőtől és a hótól.</li>
<li data-sourcepos="9:1-9:87"><strong>Szélállóság:</strong> Gyakran szélálló anyagokkal rendelkeznek, hogy megakadályozzák a hűvös szelet.</li>
<li data-sourcepos="10:1-11:0"><strong>Lélegzőképesség:</strong> A jó termo dzsekik lehetővé teszik a nedvesség távozását, így szárazon és kényelmesen tartanak.</li>
</ul>
<p data-sourcepos="12:1-12:29"><strong>A termikus kabátok típusai:</strong></p>
<ul data-sourcepos="14:1-17:0">
<li data-sourcepos="14:1-14:129"><strong>Pufferdzsekik:</strong> Ezek a kabátok olyan szigetelőanyagokkal vannak töltve, mint a pehely vagy a szintetikus szálak, amelyek maximális meleget biztosítanak.</li>
<li data-sourcepos="15:1-15:120"><strong>Soft-Shell kabátok:</strong> Ezek a kabátok olyan anyagok kombinációjából készülnek, amelyek egyszerre nyújtanak meleget és rugalmasságot.</li>
<li data-sourcepos="16:1-17:0"><strong>Szigetelt kabátok:</strong> Ezek a kabátok különböző szigetelési technológiákat használnak a melegen tartáshoz, mint például a PrimaLoft vagy a Thinsulate.</li>
</ul>
<p data-sourcepos="18:1-18:35"><strong>Hogyan válasszunk termo-kabátot:</strong></p>
<ol data-sourcepos="20:1-24:0">
<li data-sourcepos="20:1-20:158"><strong>Vegyük figyelembe az éghajlatot:</strong> Ha nagyon hideg éghajlaton él, válasszon erősen szigetelt kabátot. Enyhébb éghajlaton egy könnyebb kabát is elegendő lehet.</li>
<li data-sourcepos="21:1-21:155"><strong>Tevékenységi szint:</strong> Ha szabadtéri tevékenységeket tervez, válasszon olyan kabátot, amely olyan funkciókkal rendelkezik, mint az állítható kapucni, zsebek és szellőzés.</li>
<li data-sourcepos="22:1-22:90"><strong>Illeszkedés:</strong> Győződjön meg róla, hogy a kabát jól illeszkedik, és lehetővé teszi a réteges öltözködést anélkül, hogy korlátozva érezné magát.</li>
<li data-sourcepos="23:1-24:0"><strong>Anyag:</strong> Vegye figyelembe a külső héj és a szigetelés anyagát. A vízálló és szélálló anyagok ideálisak a zord időjárási körülmények között.</li>
</ol>
<p data-sourcepos="25:1-25:37"><strong>Styling tippek a termo-kabátok számára:</strong></p>
<ul data-sourcepos="27:1-30:0">
<li data-sourcepos="27:1-27:90"><strong>Alkalmi:</strong> Párosítsd farmerrel, pulóverrel és csizmával a kényelmes és stílusos megjelenésért.</li>
<li data-sourcepos="28:1-28:100"><strong>Smart Casual:</strong> Viselje chinóval, gombos inggel és tornacipővel, ha elegánsabb megjelenést szeretne elérni.</li>
<li data-sourcepos="29:1-30:0"><strong>Szabadtéri tevékenységek:</strong> Rétegezze egy gyapjú vagy kapucnis pulóver fölé, hogy a szabadtéri kalandok során még melegebb legyen.</li>
</ul>
<p data-sourcepos="31:1-31:105">A megfelelő hőkabát kiválasztásával időjárástól függetlenül meleg, kényelmes és stílusos maradhat.</p>
<div class="attachment-container search-images">
<div class="image-container hide-from-message-actions ng-star-inserted">
<div class="overlay-container ng-star-inserted"></div>
</div>
</div>

<table style="height: 510px;" width="461">
<tbody>
<tr>
<td width="146"><strong><b>Termék</b></strong> <strong><b>Név:</b></strong></td>
<td width="601"><strong>Termikus kabát</strong></td>
</tr>
<tr>
<td width="146"><strong><b>Materlal:</b></strong></td>
<td width="601">Poliészter/pamut</td>
</tr>
<tr>
<td width="146"><strong><b>Technika:</b></strong></td>
<td width="601">Egyszerű pamut</td>
</tr>
<tr>
<td width="146"><strong><b>Stílus:</b></strong></td>
<td width="601">Alkalmi</td>
</tr>
<tr>
<td width="146"><strong><b>Színes</b></strong><strong><b>:</b></strong></td>
<td width="601"> Egyedi színek</td>
</tr>
<tr>
<td width="146"><strong><b>Méret:</b></strong></td>
<td width="601">S /M /L /XL /2XL</td>
</tr>
<tr>
<td width="146"><strong><b>OEM/ODM:</b></strong></td>
<td width="601">Elfogadható</td>
</tr>
<tr>
<td width="146"><strong><b>Minőség:</b></strong></td>
<td width="601">100% Kiváló minőség</td>
</tr>
<tr>
<td width="146"><strong><b>M</b></strong><strong><b>OQ:</b></strong></td>
<td width="601">200 db</td>
</tr>
</tbody>
</table>
