{"id":2037,"date":"2024-12-18T02:59:21","date_gmt":"2024-12-18T02:59:21","guid":{"rendered":"https:\/\/mj-clothing.com\/?post_type=product&#038;p=2037"},"modified":"2024-12-18T03:22:38","modified_gmt":"2024-12-18T03:22:38","slug":"womens-heated-long-coat","status":"publish","type":"product","link":"https:\/\/mj-clothing.com\/hu\/manufacturer\/womens-heated-long-coat\/","title":{"rendered":"N\u0151i f\u0171t\u00f6tt hossz\u00fa kab\u00e1t"},"content":{"rendered":"<p data-sourcepos=\"1:1-1:216\">A n\u0151i f\u0171t\u00f6tt hossz\u00fa kab\u00e1t olyan fels\u0151ruh\u00e1zat, amelyet \u00fagy terveztek, hogy hideg id\u0151ben kiv\u00e9teles meleget ny\u00fajtson. Be\u00e9p\u00edtett f\u0171t\u0151elemeket tartalmaz, amelyek egy akkumul\u00e1torral m\u0171k\u00f6dnek, \u00e9s jellemz\u0151en egy diszkr\u00e9t zsebben vannak elhelyezve.<\/p>\n<h3 data-sourcepos=\"3:1-3:35\"><strong>Az al\u00e1bbiakban ismertetj\u00fck, hogy mi teszi \u0151ket k\u00fcl\u00f6nlegess\u00e9:<\/strong><\/h3>\n<ul data-sourcepos=\"5:1-8:0\">\n<li data-sourcepos=\"5:1-5:222\"><strong>Kiv\u00e1l\u00f3 melegs\u00e9g:<\/strong> A be\u00e9p\u00edtett f\u0171t\u0151elemek h\u0151t termelnek, jelent\u0151sen n\u00f6velve a kab\u00e1t szigetel\u0151 tulajdons\u00e1gait. Ez\u00e1ltal ide\u00e1lisak a rendk\u00edv\u00fcl hideg \u00e9ghajlaton vagy fagyos h\u0151m\u00e9rs\u00e9kleten v\u00e9gzett szabadt\u00e9ri tev\u00e9kenys\u00e9gekhez.<\/li>\n<li data-sourcepos=\"6:1-6:159\"><strong>K\u00e9nyelem:<\/strong> Sok modell \u00e1ll\u00edthat\u00f3 h\u0151fokot k\u00edn\u00e1l, \u00edgy a melegs\u00e9g szintj\u00e9t az \u00d6n preferenci\u00e1i \u00e9s a hideg s\u00falyoss\u00e1ga alapj\u00e1n testre szabhatja.<\/li>\n<li data-sourcepos=\"7:1-8:0\"><strong>Sokoldal\u00fas\u00e1g:<\/strong> A kab\u00e1t kialak\u00edt\u00e1s\u00e1t\u00f3l \u00e9s anyag\u00e1t\u00f3l f\u00fcgg\u0151en k\u00fcl\u00f6nb\u00f6z\u0151 alkalmakra, a h\u00e9tk\u00f6znapi kir\u00e1ndul\u00e1sokt\u00f3l a hivatalosabb rendezv\u00e9nyekig stiliz\u00e1lhat\u00f3k.<\/li>\n<\/ul>\n<h3 data-sourcepos=\"9:1-9:56\"><strong>A n\u0151i f\u0171t\u00f6tt hossz\u00fa kab\u00e1t kiv\u00e1laszt\u00e1sakor figyelembe veend\u0151 dolgok:<\/strong><\/h3>\n<ul data-sourcepos=\"11:1-15:0\">\n<li data-sourcepos=\"11:1-11:198\"><strong>F\u0171t\u00e9si technol\u00f3gia:<\/strong> A k\u00fcl\u00f6nb\u00f6z\u0151 m\u00e1rk\u00e1k k\u00fcl\u00f6nb\u00f6z\u0151 f\u0171t\u00e9si technol\u00f3gi\u00e1kat haszn\u00e1lnak. A teljes\u00edtm\u00e9ny \u00e9s a biztons\u00e1gi jellemz\u0151k meg\u00e9rt\u00e9se \u00e9rdek\u00e9ben kutassa fel az \u00d6nt \u00e9rdekl\u0151 kab\u00e1tban haszn\u00e1lt konkr\u00e9t technol\u00f3gi\u00e1t.<\/li>\n<li data-sourcepos=\"12:1-12:182\"><strong>Az akkumul\u00e1tor \u00e9lettartama:<\/strong> Az akkumul\u00e1tor \u00e9lettartama kulcsfontoss\u00e1g\u00fa. M\u00e9rlegelje, hogy az akkumul\u00e1tor mennyi ideig b\u00edrja a k\u00fcl\u00f6nb\u00f6z\u0151 h\u0151fokozatokon, hogy biztos\u00edtsa, hogy a tev\u00e9kenys\u00e9g\u00e9nek id\u0151tartama alatt megfeleljen az \u00d6n ig\u00e9nyeinek.<\/li>\n<li data-sourcepos=\"13:1-13:174\"><strong>K\u00e9nyelem \u00e9s illeszked\u00e9s:<\/strong> V\u00e1lasszon olyan kab\u00e1tot, amely j\u00f3l illeszkedik \u00e9s k\u00e9nyelmes viselet. Keresse az olyan funkci\u00f3kat, mint az \u00e1ll\u00edthat\u00f3 mandzsett\u00e1k, kapucnik \u00e9s h\u00faz\u00f3zsin\u00f3rok, amelyek fokozz\u00e1k az illeszked\u00e9st \u00e9s a meleget.<\/li>\n<li data-sourcepos=\"14:1-15:0\"><strong>St\u00edlus \u00e9s design:<\/strong> V\u00e1lasszon olyan kab\u00e1tot, amely kieg\u00e9sz\u00edti az \u00d6n szem\u00e9lyes st\u00edlus\u00e1t \u00e9s az alkalmakra, amikor viselni fogja.<\/li>\n<\/ul>\n<p data-sourcepos=\"16:1-16:186\">Ha nagyon hideg \u00e9ghajlaton \u00e9l, vagy t\u00e9len gyakran v\u00e9gez szabadt\u00e9ri tev\u00e9kenys\u00e9geket, a n\u0151i f\u0171t\u00f6tt hossz\u00fa kab\u00e1t \u00e9rt\u00e9kes befektet\u00e9s lehet a meleg \u00e9s k\u00e9nyelmes tart\u00f3zkod\u00e1shoz.<\/p>","protected":false},"excerpt":{"rendered":"<table style=\"height: 602px;\" width=\"581\">\n<tbody>\n<tr>\n<td width=\"146\"><strong><b>Term\u00e9k<\/b><\/strong>\u00a0<strong><b>N\u00e9v:<\/b><\/strong><\/td>\n<td width=\"601\"><strong>N\u0151i f\u0171t\u00f6tt hossz\u00fa kab\u00e1t<\/strong><\/td>\n<\/tr>\n<tr>\n<td width=\"146\"><strong><b>Materlal:<\/b><\/strong><\/td>\n<td width=\"601\">K\u00f6t\u00e9s<\/td>\n<\/tr>\n<tr>\n<td width=\"146\"><strong><b>Technika:<\/b><\/strong><\/td>\n<td width=\"601\">H\u00edmzett<\/td>\n<\/tr>\n<tr>\n<td width=\"146\"><strong><b>St\u00edlus:<\/b><\/strong><\/td>\n<td width=\"601\">Alkalmi<\/td>\n<\/tr>\n<tr>\n<td width=\"146\"><strong><b>Sz\u00ednes<\/b><\/strong><strong><b>:<\/b><\/strong><\/td>\n<td width=\"601\">\u00a0Egyedi sz\u00ednek<\/td>\n<\/tr>\n<tr>\n<td width=\"146\"><strong><b>M\u00e9ret:<\/b><\/strong><\/td>\n<td width=\"601\">S \/M \/L \/XL \/2XL<\/td>\n<\/tr>\n<tr>\n<td width=\"146\"><strong><b>OEM\/ODM:<\/b><\/strong><\/td>\n<td width=\"601\">Elfogadhat\u00f3<\/td>\n<\/tr>\n<tr>\n<td width=\"146\"><strong><b>Min\u0151s\u00e9g:<\/b><\/strong><\/td>\n<td width=\"601\">100% Kiv\u00e1l\u00f3 min\u0151s\u00e9g<\/td>\n<\/tr>\n<tr>\n<td width=\"146\"><strong><b>M<\/b><\/strong><strong><b>OQ:<\/b><\/strong><\/td>\n<td width=\"601\">200 db<\/td>\n<\/tr>\n<\/tbody>\n<\/table>","protected":false},"featured_media":2040,"template":"","meta":[],"product_brand":[],"product_cat":[39],"product_tag":[],"class_list":{"0":"post-2037","1":"product","2":"type-product","3":"status-publish","4":"has-post-thumbnail","6":"product_cat-womens-clothing","8":"first","9":"instock","10":"shipping-taxable","11":"product-type-simple"},"_links":{"self":[{"href":"https:\/\/mj-clothing.com\/hu\/wp-json\/wp\/v2\/product\/2037","targetHints":{"allow":["GET"]}}],"collection":[{"href":"https:\/\/mj-clothing.com\/hu\/wp-json\/wp\/v2\/product"}],"about":[{"href":"https:\/\/mj-clothing.com\/hu\/wp-json\/wp\/v2\/types\/product"}],"wp:featuredmedia":[{"embeddable":true,"href":"https:\/\/mj-clothing.com\/hu\/wp-json\/wp\/v2\/media\/2040"}],"wp:attachment":[{"href":"https:\/\/mj-clothing.com\/hu\/wp-json\/wp\/v2\/media?parent=2037"}],"wp:term":[{"taxonomy":"product_brand","embeddable":true,"href":"https:\/\/mj-clothing.com\/hu\/wp-json\/wp\/v2\/product_brand?post=2037"},{"taxonomy":"product_cat","embeddable":true,"href":"https:\/\/mj-clothing.com\/hu\/wp-json\/wp\/v2\/product_cat?post=2037"},{"taxonomy":"product_tag","embeddable":true,"href":"https:\/\/mj-clothing.com\/hu\/wp-json\/wp\/v2\/product_tag?post=2037"}],"curies":[{"name":"wp","href":"https:\/\/api.w.org\/{rel}","templated":true}]}}

Női fűtött hosszú kabát

<p data-sourcepos="1:1-1:216">A női fűtött hosszú kabát olyan felsőruházat, amelyet úgy terveztek, hogy hideg időben kivételes meleget nyújtson. Beépített fűtőelemeket tartalmaz, amelyek egy akkumulátorral működnek, és jellemzően egy diszkrét zsebben vannak elhelyezve.</p>
<h3 data-sourcepos="3:1-3:35"><strong>Az alábbiakban ismertetjük, hogy mi teszi őket különlegessé:</strong></h3>
<ul data-sourcepos="5:1-8:0">
<li data-sourcepos="5:1-5:222"><strong>Kiváló melegség:</strong> A beépített fűtőelemek hőt termelnek, jelentősen növelve a kabát szigetelő tulajdonságait. Ezáltal ideálisak a rendkívül hideg éghajlaton vagy fagyos hőmérsékleten végzett szabadtéri tevékenységekhez.</li>
<li data-sourcepos="6:1-6:159"><strong>Kényelem:</strong> Sok modell állítható hőfokot kínál, így a melegség szintjét az Ön preferenciái és a hideg súlyossága alapján testre szabhatja.</li>
<li data-sourcepos="7:1-8:0"><strong>Sokoldalúság:</strong> A kabát kialakításától és anyagától függően különböző alkalmakra, a hétköznapi kirándulásoktól a hivatalosabb rendezvényekig stilizálhatók.</li>
</ul>
<h3 data-sourcepos="9:1-9:56"><strong>A női fűtött hosszú kabát kiválasztásakor figyelembe veendő dolgok:</strong></h3>
<ul data-sourcepos="11:1-15:0">
<li data-sourcepos="11:1-11:198"><strong>Fűtési technológia:</strong> A különböző márkák különböző fűtési technológiákat használnak. A teljesítmény és a biztonsági jellemzők megértése érdekében kutassa fel az Önt érdeklő kabátban használt konkrét technológiát.</li>
<li data-sourcepos="12:1-12:182"><strong>Az akkumulátor élettartama:</strong> Az akkumulátor élettartama kulcsfontosságú. Mérlegelje, hogy az akkumulátor mennyi ideig bírja a különböző hőfokozatokon, hogy biztosítsa, hogy a tevékenységének időtartama alatt megfeleljen az Ön igényeinek.</li>
<li data-sourcepos="13:1-13:174"><strong>Kényelem és illeszkedés:</strong> Válasszon olyan kabátot, amely jól illeszkedik és kényelmes viselet. Keresse az olyan funkciókat, mint az állítható mandzsetták, kapucnik és húzózsinórok, amelyek fokozzák az illeszkedést és a meleget.</li>
<li data-sourcepos="14:1-15:0"><strong>Stílus és design:</strong> Válasszon olyan kabátot, amely kiegészíti az Ön személyes stílusát és az alkalmakra, amikor viselni fogja.</li>
</ul>
<p data-sourcepos="16:1-16:186">Ha nagyon hideg éghajlaton él, vagy télen gyakran végez szabadtéri tevékenységeket, a női fűtött hosszú kabát értékes befektetés lehet a meleg és kényelmes tartózkodáshoz.</p>

<table style="height: 602px;" width="581">
<tbody>
<tr>
<td width="146"><strong><b>Termék</b></strong> <strong><b>Név:</b></strong></td>
<td width="601"><strong>Női fűtött hosszú kabát</strong></td>
</tr>
<tr>
<td width="146"><strong><b>Materlal:</b></strong></td>
<td width="601">Kötés</td>
</tr>
<tr>
<td width="146"><strong><b>Technika:</b></strong></td>
<td width="601">Hímzett</td>
</tr>
<tr>
<td width="146"><strong><b>Stílus:</b></strong></td>
<td width="601">Alkalmi</td>
</tr>
<tr>
<td width="146"><strong><b>Színes</b></strong><strong><b>:</b></strong></td>
<td width="601"> Egyedi színek</td>
</tr>
<tr>
<td width="146"><strong><b>Méret:</b></strong></td>
<td width="601">S /M /L /XL /2XL</td>
</tr>
<tr>
<td width="146"><strong><b>OEM/ODM:</b></strong></td>
<td width="601">Elfogadható</td>
</tr>
<tr>
<td width="146"><strong><b>Minőség:</b></strong></td>
<td width="601">100% Kiváló minőség</td>
</tr>
<tr>
<td width="146"><strong><b>M</b></strong><strong><b>OQ:</b></strong></td>
<td width="601">200 db</td>
</tr>
</tbody>
</table>
